 1441381397 composite?
True
Is 943332303 prime?
False
Is 79138145377 prime?
True
Is 33202429003 composite?
True
Is 2292841489 a composite number?
False
Is 88184015819 a composite number?
True
Is 1649984353 a composite number?
False
Is 1472533649 a prime number?
False
Is 2460370447 composite?
False
Is 1780004939 composite?
False
Is 308335848883 prime?
False
Is 19705090183 a prime number?
False
Is 5891438209 a prime number?
False
Is 41453194249 a prime number?
True
Is 51231085291 a prime number?
True
Is 1222790849 a composite number?
True
Is 372410074 a prime number?
False
Is 460091417 a prime number?
False
Is 3521000909 a composite number?
True
Is 9349836721 a composite number?
False
Is 911696873 composite?
True
Is 5231589169 composite?
True
Is 19054567199 a composite number?
False
Is 54574091963 composite?
False
Is 10213637849 a prime number?
True
Is 1379576213 prime?
True
Is 7834489511 prime?
True
Is 3554410789 composite?
False
Is 54528131113 prime?
False
Is 12284185739 composite?
True
Is 63645083 a prime number?
True
Is 885595553 a composite number?
False
Is 1767692741 a composite number?
False
Is 209556563 prime?
True
Is 245985893 composite?
False
Is 1186594979 a prime number?
True
Is 2322800527 a composite number?
True
Is 3055917269 prime?
False
Is 24452575381 prime?
False
Is 28816408321 a prime number?
True
Is 20336960549 prime?
False
Is 791530231 prime?
False
Is 7643374817 composite?
True
Is 49132150783 a prime number?
False
Is 6828647393 a composite number?
False
Is 5190381109 a prime number?
True
Is 2758891955 a prime number?
False
Is 418999849 a composite number?
False
Is 2785289399 a prime number?
False
Is 431515873 prime?
False
Is 774062911 prime?
True
Is 929010941 a composite number?
True
Is 415000903 a composite number?
True
Is 158875743359 prime?
False
Is 4799085497 prime?
False
Is 19494406873 composite?
True
Is 782322251 a composite number?
False
Is 263773711 composite?
False
Is 1740181837 a prime number?
True
Is 73901167 prime?
True
Is 3193202069 a prime number?
True
Is 16523201203 composite?
False
Is 25057546373 composite?
True
Is 23887580071 prime?
True
Is 1558486907 composite?
False
Is 499719017 a composite number?
True
Is 2006203783 a composite number?
False
Is 206792161 a composite number?
False
Is 39878513461 a composite number?
True
Is 163876981 a composite number?
False
Is 1468758839 prime?
False
Is 1327309811 composite?
False
Is 22798796287 a composite number?
True
Is 146552993 composite?
False
Is 2533903793 prime?
True
Is 225174789277 a prime number?
False
Is 276804967583 a prime number?
False
Is 363498001 prime?
True
Is 12815870071 prime?
False
Is 238004201 prime?
True
Is 213779680199 a prime number?
False
Is 3732452237 composite?
True
Is 3492709733 composite?
False
Is 7841611889 composite?
False
Is 740927263 a composite number?
True
Is 12151270771 a composite number?
True
Is 445750321 composite?
True
Is 795295223 composite?
False
Is 5102072669 a prime number?
True
Is 1588669253 prime?
True
Is 412342379 a prime number?
True
Is 1213049567 prime?
True
Is 2605037887 a composite number?
True
Is 3107529847 composite?
True
Is 214697011873 composite?
True
Is 691665841 composite?
False
Is 13964825417 composite?
False
Is 13647919807 composite?
True
Is 5417853773 a prime number?
False
Is 3574988899 a composite number?
False
Is 52260500767 a prime number?
False
Is 18240263 a prime number?
False
Is 235785455747 a prime number?
False
Is 48543545279 a composite number?
False
Is 4166616403 composite?
True
Is 13023947567 a prime number?
True
Is 648719861 prime?
True
Is 1410787969 a prime number?
False
Is 12775377127 a composite number?
False
Is 202307921 a prime number?
True
Is 92854186429 prime?
True
Is 4416021842 a composite number?
True
Is 97433805979 prime?
True
Is 38161997 prime?
True
Is 42862971643 composite?
True
Is 36863117 a prime number?
True
Is 848435317 a prime number?
False
Is 117135473579 prime?
False
Is 1257039507 prime?
False
Is 4253114627 prime?
False
Is 10649255531 prime?
False
Is 445555559 composite?
True
Is 27631220627 composite?
False
Is 541461119 a composite number?
True
Is 208972069 composite?
True
Is 38935436465 prime?
False
Is 19720175747 a prime number?
True
Is 863597417 a composite number?
False
Is 27561696103 composite?
False
Is 29556637307 prime?
False
Is 271160652209 composite?
True
Is 14367739937 a prime number?
True
Is 44423415331 composite?
False
Is 457898711 composite?
False
Is 51216877 a prime number?
False
Is 232494527 composite?
True
Is 6722339761 a composite number?
True
Is 2606199511 composite?
True
Is 2636721467 a composite number?
False
Is 595985623 a prime number?
True
Is 172723777 prime?
False
Is 2397124793 composite?
True
Is 382378721 composite?
False
Is 4721099321 composite?
True
Is 8466981811 a prime number?
True
Is 77550791009 prime?
True
Is 258160237 a prime number?
False
Is 5651290006 composite?
True
Is 1831136057 prime?
True
Is 330709399 prime?
False
Is 35495610541 prime?
False
Is 29851773701 a composite number?
True
Is 142906753 a prime number?
False
Is 287557019 a prime number?
True
Is 117904123 a composite number?
False
Is 232524139 a composite number?
False
Is 322856153 a composite number?
False
Is 451595203 composite?
True
Is 42394919449 a composite number?
False
Is 2462014713 prime?
False
Is 19702601507 prime?
False
Is 7634094809 a composite number?
True
Is 12817585237 a composite number?
False
Is 19837903883 composite?
True
Is 3453112039 a prime number?
False
Is 1221292201 composite?
False
Is 4365165443 a composite number?
False
Is 10119861533 a prime number?
False
Is 1977797707 a prime number?
True
Is 31467471887 composite?
False
Is 2819099 a prime number?
True
Is 4082934943 a prime number?
True
Is 5659253527 prime?
False
Is 21064738103 prime?
True
Is 14313493 composite?
False
Is 51715513691 a composite number?
False
Is 1460311817 a prime number?
False
Is 17661496613 prime?
False
Is 2981846581 a composite number?
True
Is 10529767 composite?
False
Is 2537726117 prime?
True
Is 3781718201 prime?
True
Is 20941100665 composite?
True
Is 10610126607 a composite number?
True
Is 13634848583 a composite number?
False
Is 1407924859 a prime number?
False
Is 11738863105 a prime number?
False
Is 1549610213 a composite number?
False
Is 4244441249 a prime number?
True
Is 607776269 composite?
False
Is 200354882161 prime?
False
Is 179341361 prime?
False
Is 152466798857 prime?
True
Is 157314419 prime?
False
Is 5498225177 a prime number?
True
Is 125124751 a composite number?
False
Is 35667705751 a prime number?
True
Is 352595561 composite?
True
Is 40144105021 a prime number?
True
Is 944649779 composite?
True
Is 2590903301 prime?
False
Is 152724142847 prime?
False
Is 7933837477 prime?
True
Is 253784059 a prime number?
False
Is 3571130999 a composite number?
False
Is 40636151 prime?
True
Is 73297403819 a composite number?
False
Is 26707752011 a composite number?
False
Is 16281896817 composite?
True
Is 271360799 prime?
False
Is 9258931259 a composite number?
False
Is 1861946969 a prime number?
True
Is 422913481 prime?
True
Is 4258389139 prime?
True
Is 455727679 a composite number?
True
Is 83361113357 composite?
False
Is 186804671 prime?
False
Is 5782387931 prime?
False
Is 1580316403 a composite number?
False
Is 25667085929 a prime number?
True
Is 3833534594 composite?
True
Is 16259301589 a prime number?
False
Is 52931907439 a prime number?
True
Is 3408276787 composite?
True
Is 739436611 composite?
True
Is 5652859481 prime?
False
Is 1480540487 a prime number?
True
Is 36474686405 prime?
False
Is 14122348585 prime?
False
Is 266557741 prime?
False
Is 43065880327 composite?
False
Is 1779389231 prime?
True
Is 7254642887 a composite number?
True
Is 2042522549 a composite number?
False
Is 44800141361 composite?
True
Is 2289764311 a composite number?
True
Is 8421619949 a prime number?
True
Is 1507204991 composite?
False
Is 35387887 composite?
False
Is 1099234099 composite?
False
Is 5232330863 a prime number?
False
Is 2577952087 a composite number?
False
Is 4218044339 prime?
False
Is 250644320635 a composite number?
True
Is 275891069 a prime number?
True
Is 5050787471 composite?
False
Is 611798101 composite?
False
Is 3962467697 a prime number?
True
Is 15458310381 prime?
False
Is 886799765 prime?
False
I